s the highest common factor of u and 7?
7
Let k = -11 + 34. What is the greatest common factor of 115 and k?
23
Let a be (-5)/20*-85 + 1/(-4). Calculate the highest common factor of 7 and a.
7
Let o(r) = 18 - 11*r - 10 - 7. Let t be o(-13). Calculate the highest common divisor of 16 and t.
16
Let t(l) = 33*l**2 + 3*l. Let z be t(-2). Let g(c) = -21*c**3 - c**2 - 2*c - 1. Let r be g(-1). Calculate the greatest common divisor of r and z.
21
Let q(w) = 3*w**2 - 5*w - 12. Let b be q(-6). Calculate the greatest common factor of 14 and b.
14
Suppose 0 = -2*z + 4 + 2. Let y = 4 - z. Let s be 1/2 - (-84)/8. What is the greatest common divisor of s and y?
1
Let x = -69 + 115. Calculate the highest common factor of x and 115.
23
Suppose -2*b + 3*b = 15. Let m be 82 + -26 + (2 - 0) + 2. What is the greatest common divisor of m and b?
15
Suppose v = 19 + 2. Calculate the greatest common divisor of v and 189.
21
Let c be 1/1 - (-36 + 8 + -4). Suppose -4*y - 3 = -11, -48 = -2*t - 2*y. Calculate the highest common factor of t and c.
11
Let q = 17 + -10. What is the greatest common divisor of 14 and q?
7
Suppose 2*j + 8 = 6*j. Suppose j*q = -3*h + 13, 4*q - 11 - 11 = -2*h. Let y = 1 + 1. Calculate the highest common divisor of q and y.
1
Suppose -46 = -2*g + 86. What is the greatest common factor of g and 22?
22
Suppose 14 = 2*a - 0*a + 4*u, 4*a = u - 8. Let h = 8 + a. Let j(z) = -z**3 + 9*z**2 - 3*z - 5. Let b be j(h). Calculate the highest common divisor of b and 8.
8
Let o(y) = 44*y + 12. Let j be o(3). What is the greatest common divisor of j and 9?
9
Suppose -3 = -0*y - y - u, 0 = 3*y - 2*u - 24. Suppose 0 = s - 53 + 193. Let n = s - -206. What is the highest common divisor of y and n?
6
Let y(p) = p + 6. Let d be y(0). Let r be ((-16)/d + 2)*-3. What is the greatest common factor of r and 16?
2
Let d be (-2)/3 - 161/(-21). Calculate the greatest common factor of 63 and d.
7
Suppose -73 = 5*z - 213. Let s = 0 + 1. Let v = 3 + s. Calculate the greatest common divisor of z and v.
4
Let d = 58 + -18. Suppose -68*f + 57*f + 44 = 0. Calculate the highest common factor of f and d.
4
Let f be (-4)/10 - 72/(-30). Let a be (f/(-6))/(3/(-45)). Calculate the greatest common divisor of a and 5.
5
Let b be (-27)/2*(-90)/3. Suppose 0*q - 3*q + b = 0. What is the highest common divisor of 15 and q?
15
Suppose 3*b - 270 = -2*i, 7*b + 5*i = 3*b + 360. What is the highest common factor of b and 30?
30
Suppose -2*g = -0*g - 18. Suppose 2*l - 7 - g = 0. What is the greatest common divisor of l and 2?
2
Let s(n) = 15*n**2 - 5*n + 4. Let p be s(3). What is the highest common factor of 31 and p?
31
Let r(b) = -2*b + 59. Let k(f) = 3*f - 60. Let y(s) = 4*k(s) + 5*r(s). Let n be y(0). Calculate the highest common factor of n and 5.
5
Suppose 0 = 3*t - 0*p - 4*p - 94, -5*p = 3*t - 85. Calculate the greatest common divisor of 45 and t.
15
Suppose -4*q = -3 - 13. Suppose -3 = -f + 1. Let m = f + q. Calculate the highest common factor of 24 and m.
8
Suppose -3*t - 2 + 25 = -5*x, -5*t + x = -31. Suppose -5*f = -0*f - 10. Calculate the greatest common factor of t and f.
2
Suppose -r + 16 = 3*r. Suppose 3*a = -0*a - 4*q - 13, 0 = -3*a + r*q + 19. Calculate the greatest common divisor of 11 and a.
1
Suppose -4*z - 3*h - 13 = 0, 5*z - 4*h = -0*h - 55. Let t(m) = 2*m**2 + 6*m - 7. Let d be t(-5). Let c = z + d. What is the greatest common factor of 3 and c?
3
Let o(l) = -7*l + 2. Let b be o(-6). Let y be (-114)/(-10) - 4/10. Calculate the greatest common factor of b and y.
11
Suppose -5*s - x + 18 = 0, -5*s - 6*x + 3*x = -14. Suppose -4*b = -s*d - 156, -b + 5*b - 136 = -d. What is the highest common factor of b and 14?
7
Let h = -56 - -75. Calculate the highest common factor of h and 133.
19
Suppose q = 3*q - 54. Let m be (-6)/(-9) - (-14)/6. Suppose 0 = -4*d - 2*j + 44, 5*j = -m*d - 0*d + 47. Calculate the highest common divisor of q and d.
9
Suppose f + 0*f = 15. Calculate the greatest common divisor of f and 5.
5
Suppose 4*h - 28 = 196. Calculate the highest common divisor of h and 14.
14
Suppose 0 = 5*l + 10, -4*m + 5*l - 3*l = -52. What is the greatest common divisor of 108 and m?
12
Let k be (0 - -15)*1/3. Suppose -2*m + k*m + 129 = 4*j, 0 = 3*j + m - 113. What is the greatest common factor of 54 and j?
18
Let s = 152 + -59. What is the highest common factor of 31 and s?
31
Suppose -4*c + 1 = -3*c, 0 = o - 5*c - 8. Calculate the highest common factor of 13 and o.
13
Let d = 7 + -4. Suppose 4*a - 77 = d*a. Let o = -1 + 12. What is the highest common divisor of a and o?
11
Suppose 0 = 5*g + 15 - 5. Let i(s) be the first derivative of -s**4/4 - 2*s - 2. Let f be i(g). What is the highest common divisor of f and 54?
6
Suppose 0 = -5*j + 4*p - 114, -2 - 2 = p. Let a be (-1 - (-4)/8)*j. Let b(u) = -90*u + 1. Let r be b(-1). Calculate the highest common divisor of a and r.
13
Suppose 9*d + 88 = 13*d. Calculate the highest common factor of d and 22.
22
Let w = -20 - -11. Let y = w - 0. Let o be (-1 + (-24)/y)*3. What is the highest common factor of 45 and o?
5
Let o be 7 - (-6)/4*(-8)/(-6). Calculate the highest common divisor of o and 27.
9
Suppose -3*i - 86 = -4*m - 0*m, 0 = -5*m + 2*i + 104. Calculate the highest common divisor of m and 160.
20
Suppose -10 = 5*h, -4*m - 7 + 93 = -3*h. Let i(z) = 7*z**2 + 6*z + 4. Let u be i(-2). Calculate the highest common divisor of u and m.
20
Let f be ((-7)/(105/192))/(14/(-175)). What is the greatest common divisor of 32 and f?
32
Let g(u) = u**2 + u + 1. Let d = 0 - -2. Let m be g(d). Calculate the greatest common divisor of m and 7.
7
Let x be (-4)/(6/(-24) + 0). Calculate the highest common factor of x and 8.
8
Suppose -3*j + 12 = 3*g, -14 = -2*j - 4*g - 4. Suppose 0 = 5*v - 10, j*v = -3*f + 2*f + 101. Calculate the greatest common factor of f and 38.
19
Suppose 2*l - 49 = 3*h, 3*l - 4*h = -h + 66. Let i(n) = -22*n**3 + 3*n**2 - 1. Let u be i(-2). What is the highest common divisor of u and l?
17
Let h(g) = 42*g - 3. Let a be h(4). Let s(l) = -10*l - 1. Let j be s(-7). Suppose -j = -4*p - 9. Calculate the greatest common factor of a and p.
15
Let v = 8 + -6. Calculate the highest common divisor of 4 and v.
2
Suppose 5*q = -15, 6*m + 3*q - 21 = m. Let b(r) = 2*r**3 - 5*r**2 + 3 - r**3 - 2 - m*r. Let l be b(6). Calculate the highest common factor of 11 and l.
1
Suppose -1705 = 38*s - 43*s. Calculate the highest common factor of s and 31.
31
Let g be ((-2)/(-1) - 86)/(12/(-8)). Calculate the greatest common divisor of 56 and g.
56
Let v be (-4 + 2)/((-2)/3). Suppose v*q + 3*s - 15 = 0, 2*q - 9 = -5*s + 4*s. What is the highest common factor of 2 and q?
2
Let h = -6 - -3. Let a(s) = s**3 - 10*s**2 - 11*s - 2. Let l be a(11). Let r be (-2)/l + (3 - h). What is the highest common factor of r and 63?
7
Suppose -5*n = -50 - 5. Let u be (-231)/(-3) - (4 + -4). Calculate the highest common factor of n and u.
11
Let c = 20 - -10. Let h = 13 + -5. Let l be ((-30)/h)/(9/(-24)). Calculate the greatest common divisor of c and l.
10
Let p be (-2)/(-8) + 575/4. Suppose -m + 9*x - 4*x = -8, x = -4*m + 74. What is the greatest common divisor of m and p?
18
Suppose 10*w - 525 = -135. Suppose -72 = -2*y - 20. What is the greatest common factor of w and y?
13
Let v = -198 + 363. What is the highest common factor of 15 and v?
15
Suppose 2*u = -0*b + 3*b - 16, 4*b + 3*u - 10 = 0. Suppose 7*h - b*h - 108 = 0. What is the greatest common divisor of 24 and h?
12
Let u = 13 + -22. Let q be ((-1)/2)/(u/324). What is the greatest common factor of q and 45?
9
Let m(r) = r**2 + 10*r - 3. Let f be m(-10). Let w = -2 - f. Calculate the greatest common divisor of 1 and w.
1
Let q = 0 + 11. Let r be (-76)/13 - (-8)/(-52). Let w be (88/r)/((-1)/3). What is the greatest common divisor of w and q?
11
Let i = 48 - 2. Let r = i - 32. Let t(a) = a**2 + a + 42. Let h be t(0). What is the highest common divisor of r and h?
14
Let h = -130 + 230. Suppose -4*g + 460 = h. Calculate the highest common factor of g and 10.
10
Let s(r) = r + 5. Let d be s(-3). Suppose 6 + d = 4*x. Suppose -3*z = 5*v - 28, 0 = -x*z - 2*z - 4*v + 40. Calculate the greatest common divisor of 11 and z.
11
Let n(r) = 299*r + 1. Let c be n(1). Suppose -4*a = -316 - c. What is the highest common divisor of 14 and a